+ r*k + 2*j. What are the prime factors of ((-6)/3)/k + 13?
3, 5
Suppose 3*c - 3*h - 87 = 0, 54 - 191 = -5*c + h. What are the prime factors of c?
3
Let n(v) be the first derivative of 2*v**3/3 + 2. Let c be n(1). Let z(f) = 3*f - 1. List the prime factors of z(c).
5
Let m(z) = -z**2 - z + 30. Let v be m(0). Suppose -3*k + 0*k = -v. What are the prime factors of (-15)/3*(-4)/k?
2
Let x be (-90)/27*24/10. Let i(m) = m**2 + 7*m + 5. List the prime factors of i(x).
13
Suppose 0*d = -2*d + 8. Suppose 14 = 5*b - 3*u, 3*b - 1 = d*u + 14. List the prime factors of (11 - b)*(-6)/(-4).
3, 5
Let z be 58/18 + 4/(-18). Suppose -z = i - 0*i. Let j = 13 + i. What are the prime factors of j?
2, 5
Let r(n) be the second derivative of n**4/12 + n**3/6 + n**2/2 + 7*n. What are the prime factors of r(5)?
31
Suppose 2*a + 2 = -2*s - 0, 0 = 5*a + 2*s - 4. List the prime factors of a.
2
Let k(v) = -v - 4. Let y be k(-4). Suppose y = -o - o + 30. What are the prime factors of o?
3, 5
List the prime factors of (1*41)/((-8)/(-16)).
2, 41
Suppose 0*k + 5*m + 263 = 2*k, k - 138 = -4*m. List the prime factors of k.
2, 67
Suppose 2 - 27 = -5*a. Suppose -a + 1 = u, -5*k + 7 = 2*u. Suppose -3*r = 5*v - 56, k*v = 3*r + 2*r + 20. List the prime factors of v.
2, 5
Let r be (3 + 0)/(1/(-1)). Let k = r - -5. Suppose 42 = k*x + x. What are the prime factors of x?
2, 7
Let l(c) = c**2 - 5*c - 9. Let s be 3/3 - 2 - -2. Let b = 6 + s. List the prime factors of l(b).
5
Let u(r) = -r**3 - 4*r**2 + 2*r + 5. Let i be u(-4). Let x = 0 - i. Suppose 0 = -x*l - 0*l + 42. What are the prime factors of l?
2, 7
Let x(y) = -y - 2. Let l be x(4). List the prime factors of ((-364)/(-21))/((-4)/l).
2, 13
Let c = 30 + -20. List the prime factors of c.
2, 5
Let u be 5/(-10)*4/(-1). Let x = u + 0. Suppose -24 = -z - x*z. What are the prime factors of z?
2
Let v = -36 + 79. List the prime factors of v.
43
Suppose 3*y - 45 = 2*n, 0 = -3*y + 2*n - n + 45. Let f be (92/(-10))/(3/y). Let c = -28 - f. List the prime factors of c.
2, 3
Let l = 96 - 58. List the prime factors of l.
2, 19
Suppose 3*k + 2 = -22. Let r = 13 + k. Suppose -3*q + 17 + 2 = w, -r*q = 2*w - 32. What are the prime factors of q?
2, 3
Suppose -4*t = -6*t - 14. What are the prime factors of 6/(-2) - (t - 20)?
2, 3
Let d = -6 - -10. Let p(i) = 3*i. Let l be p(1). Suppose -2*g + 10 = -l*b, d*g + 0 = 3*b + 20. List the prime factors of g.
5
Suppose -c + 45 = 5*r + 3*c, 0 = -5*r + 3*c + 10. Suppose -21 = r*p - 5*b - 76, -4*b + 55 = 5*p. What are the prime factors of p?
11
Suppose 29 = 5*i - 91. Let j = i + -14. What are the prime factors of j?
2, 5
Let f = 5 - 1. Suppose 1 = f*j - 11. Suppose -3*i = -3*t + 36, 2*t - j*i - 32 + 8 = 0. List the prime factors of t.
2, 3
Let d(i) = 2*i - 3. Let u be d(-3). Let a(m) = -4*m - 12. List the prime factors of a(u).
2, 3
Let n(a) = 2*a - 9. Let b be n(6). Suppose -3*r = b*h + 2*h - 42, 2*h - 20 = 2*r. Suppose z + 2*j - 4 = 0, h*z + 3*j - 20 = 4*z. List the prime factors of z.
2
Let i(u) = u**3 + 6*u**2 + 3*u. Suppose -3*n = -3, 6*o - n = 2*o - 9. Let r be i(o). Let p = r - 2. List the prime factors of p.
2
Suppose -10*s = -757 - 573. List the prime factors of s.
7, 19
Let z be (0 + 2/(-8))*-4. Suppose -9 = w + z. Let o(m) = -m**3 - 9*m**2 + 10*m + 13. What are the prime factors of o(w)?
13
Let y(g) be the second derivative of 2*g**3/3 - 15*g**2/2 + g. What are the prime factors of y(10)?
5
Suppose w + 0*w - 1 = -2*n, -n + w = -5. Suppose -n = -j - 0. Suppose -3*c + 17 = j*g, -c - 4*g = -0*c + 11. List the prime factors of c.
3
Suppose 260 = 3*i - 4*t, t - 2*t = -3*i + 245. List the prime factors of i.
2, 5
Suppose 5*h - z + 651 = 0, -h + 3*z = -12 + 145. What are the prime factors of h/(-35) + 4/14?
2
Let q = -10 - -26. List the prime factors of q.
2
Let l(d) = -8*d + 2. Let b be 32/12*(-9)/6. Let g be l(b). Suppose 3*s - g - 20 = 0. What are the prime factors of s?
2, 3
What are the prime factors of 131 + 1 + 0 + (-2 - -4)?
2, 67
Let i be (-4)/((15/9)/(-5)). Suppose 3*h - 2*c - 60 = 0, 112 = 5*h + 4*c + i. Let u = h - 11. List the prime factors of u.
3
Let b(u) be the second derivative of u**4/12 - u**3/3 - u**2 + 4*u. Let g be b(-3). Let p = g - 4. What are the prime factors of p?
3
Let r be (-1)/(-3) + (-320)/6. Let z = -27 - r. List the prime factors of z.
2, 13
Let s(g) = g. Let w be s(5). Let j(f) = -f**3 + 5*f**2 + 5*f + 7. Let o be j(w). Suppose o = 2*v + 5*l, -l + 5*l + 36 = 4*v. List the prime factors of v.
11
Suppose -2*i + 6*n - 5*n + 5 = 0, -5*i + n + 11 = 0. Suppose o + 10 = i*f - 6, 3*o = -4*f + 12. Let x(t) = t + 5. What are the prime factors of x(f)?
11
Let r = 4 - 7. Let h(s) = -s**2 - 5*s - 3. What are the prime factors of h(r)?
3
Suppose -87 = -5*f - 32. Suppose -3*p - 22 = f. Let z = -7 - p. What are the prime factors of z?
2
Let k be (-10)/(-2)*(-2)/(-5). Suppose 0 = k*p - 7 + 1. Suppose 0*z + z - p = 0. List the prime factors of z.
3
Suppose 3*r - 29 - 46 = 0. Let s be ((-10)/r)/(2/10). List the prime factors of (-2 - s) + 12 + -2.
2, 5
Let x(c) = 2*c**2 - 13. List the prime factors of x(-4).
19
Suppose 3*k = 2*k + 9. Let q(a) = a**2 - 9*a + 4. Let g be q(8). What are the prime factors of (1 + k/(-6))*g?
2
Suppose 2*t = -5*g + 27, t - 4*t + 3 = 0. Suppose -19 - 21 = -g*c. Suppose 2*x - c = 20. What are the prime factors of x?
2, 7
Let n = -1225 - -664. List the prime factors of 6/10 - n/15.
2, 19
Suppose 26 + 9 = t. What are the prime factors of t?
5, 7
Suppose 6*i = i + 110. Suppose i = w - 7. List the prime factors of w.
29
Let v(n) = -5*n**3 + 15*n**2 - 13*n + 11. Let f(q) = -q**3 + q**2 - q + 1. Let b(d) = -4*f(d) + v(d). List the prime factors of b(10).
17
Let a be 8/6 + 2/(-6). What are the prime factors of (5 - a)/(-2) + 10?
2
Suppose 119 = z - 0*d - 3*d, -z + 4*d = -121. List the prime factors of z.
113
Suppose -4*f + 108 = -8. List the prime factors of f.
29
Let w(h) = 2*h**2 - 5*h - 7. List the prime factors of w(6).
5, 7
Let o = 0 - -15. Let x = -6 + o. Suppose x + 1 = u. What are the prime factors of u?
2, 5
Suppose 3*m - 68 = -m + 3*v, 2*m - 34 = 4*v. Suppose 3*p - 4*t + 7 = 4*p, -5*t = 2*p - m. List the prime factors of p.
11
Let d be 5*-4 - (0 + -1). Let z = -11 + d. Let k = 42 + z. What are the prime factors of k?
2, 3
Let a = -4 + 7. List the prime factors of 6*(a + (-2)/(-6)).
2, 5
Let y(a) = 18*a + 1. Let g be y(7). Suppose -h - 52 = -0*s - 2*s, -h = -5*s + g. List the prime factors of s.
5
Suppose y + 4*f - 76 = -y, y - 3*f = 33. List the prime factors of y.
2, 3
Let u(j) = -j**3 - 7*j**2 + 8*j + 2. Let g be u(-8). Suppose 0 = -g*h - 8 + 32. Suppose -3*f + h + 6 = 0. List the prime factors of f.
2, 3
Let x = -5 + -1. Let k = 23 + x. List the prime factors of k.
17
Let v be ((-8)/12)/((-2)/3). Let o(x) = x**2 - 2*x + 1. Let d be o(v). Suppose d = 3*k - 14 + 2, 2*r + 5*k - 24 = 0. List the prime factors of r.
2
Suppose 54 = 12*q - 11*q. List the prime factors of q.
2, 3
Suppose 7*m - 4*a = 2*m + 124, 0 = 2*a + 2. List the prime factors of m.
2, 3
Let v be (10 - 8)*(0 - -1). Suppose -10 = v*d - 7*d. What are the prime factors of d?
2
Suppose 3*m - 17 = 4*x, -4*m = -4*x - 32 + 4. Suppose 0 = -3*o + m + 4. List the prime factors of o.
5
Let a = 376 - 232. What are the prime factors of a?
2, 3
Suppose -4*j = -7*j + 6. Suppose 0 = t - 5*r + 22, 1 = t + j*r - 12. List the prime factors of t.
3
Suppose 0 = 5*u - 3*t - 585, 5*u - 670 = 4*t - 85. Let y = u - 65. List the prime factors of y.
2, 13
Let z be 53 - (2/2 - 1). Let w = z - 24. What are the prime factors of w?
29
Suppose 7*o - 2*o - 250 = 0. What are the prime factors of o?
2, 5
Suppose -4*l = i - 1, 3*l - i = l - 7. Let o be l*1/(3/(-15)). Suppose 2*j - 51 = -2*j - 3*d, o*d - 45 = -4*j. List the prime factors of j.
3, 5
Suppose -10*r - 195 = -15*r. List the prime factors of r.
3, 13
Let v(c) = -c**3 - 2*c**2 + 3*c + 3. Let f be v(-2). List the prime factors of 29 - (f - (3 - 4)).
31
Suppose 12 = -4*v, -c + 0*c - 2*v - 2 = 0. Suppose -3*i - 9 = 0, 0 = 3*g - i - c*i - 24. Suppose -g*b = -33 - 3. List the prime factors of b.
2, 3
Suppose -4*h - 56 - 168 = 0. Let u be (-16)/h + 26/7. Suppose -v + 107 = 4*v + u*n, -4*n - 8 = 0. What are the prime factors of v?
23
Let q = 3 - -2. Suppose 2*p = -2*p + 5*s + 3, 0 